ed by d/12 - (-1)/3?
8
Suppose -5*w - 121 + 48 = -g, 3*g = -3*w + 147. Suppose 0 = -2*n - 2*n - 96. Let a = g + n. What is the remainder when a is divided by 17?
12
Suppose -4*m + 5*r = -271, -11*m + 3*r - 183 = -14*m. Calculate the remainder when 443 is divided by m.
59
Suppose 48*f - 7*f = 1271. Calculate the remainder when 84 is divided by f.
22
Let l(p) = -p**2 + 15*p + 3. Let w be l(16). Let a = 35 + w. What is the remainder when 41 is divided by a?
19
Suppose 0*i + b = i - 1, 3*i + 2*b - 18 = 0. Suppose 5*w = 10, -7*q + 3*q = 2*w + i. What is the remainder when 10 is divided by ((48/q)/(-2))/2?
4
Let a = -76 - -76. Suppose 12*l - 4*l - 112 = a. Calculate the remainder when 38 is divided by l.
10
Suppose 2*u = -6, 0*v - 2*u = -2*v + 52. Suppose -652 = -n - 655. What is the remainder when (-4)/(-15)*n*-55 is divided by v?
21
Suppose v = g + 2, 28 = -5*g - 3*v + 2. What is the remainder when 42 is divided by (-12)/g + 19 + -4?
6
Let b(w) = -3*w**2 + 12*w - 3. Let t be b(3). Suppose t*h - 2*h - k = 16, -41 = -5*h - 4*k. What is the remainder when 6 is divided by h?
1
Let v(s) = 8*s + 4. Suppose j + 1 = 5. What is the remainder when v(1) is divided by j?
0
Let m = 182 + -37. What is the remainder when m is divided by 40?
25
Let b(u) = -18*u - 3. What is the remainder when b(-5) is divided by (99/(-12))/((-12)/32)?
21
Suppose 0 = -5*g + 16 + 4. Suppose -3*z + 11 + g = 0. Let j(c) = -c**3 - 8*c**2 + 8*c + 3. Calculate the remainder when j(-9) is divided by z.
2
Let l = 67 + 40. Let c = 88 + -86. Calculate the remainder when l is divided by c/(-7) + 508/14.
35
What is the remainder when 128 is divided by ((-40)/5)/(105/(-33) - -3)?
40
Let p(s) = -s**3 + 10*s**2 - 7*s - 7. Let y be (-6)/(-12) - 26/(-4). Calculate the remainder when p(y) is divided by 31.
29
Suppose -5*q = -3*l - 407, q + 2*l = 20 + 64. Calculate the remainder when q is divided by 17.
14
Let u = -238 + 289. What is the remainder when 302 is divided by u?
47
Let g be (179 + 2 + 2)*1. Suppose 34 = -k + g. Calculate the remainder when k is divided by 50.
49
Let y(m) = 6*m + 239. Suppose -2*p = -94 - 304. What is the remainder when p is divided by y(-35)?
25
Suppose -3*k + 0*k + 24 = 0. Let l = -629 + 642. Calculate the remainder when l is divided by k.
5
Suppose -41*g = -625 - 3721. What is the remainder when g is divided by 28?
22
What is the remainder when 28*(-1 + 111/12) is divided by 39?
36
Suppose -8*p + 37 + 83 = 0. Calculate the remainder when 39 is divided by p.
9
Let l(g) = -13*g + 102. What is the remainder when l(0) is divided by 52?
50
Let t = 405 + 201. What is the remainder when t is divided by 21?
18
Let z(u) = 14*u - 44*u + 10*u - 30 + 17*u. What is the remainder when z(-13) is divided by 5?
4
Suppose -5*l - 17 = -312. Let o = 52 - 76. Let s = 39 + o. Calculate the remainder when l is divided by s.
14
Suppose 0 = -8*a + 1050 - 26. Calculate the remainder when 3 is divided by ((-3)/8)/((-16)/a).
0
Suppose 0 = -7*k + 53 + 10. Suppose 0 = 4*m - k*m + 265. What is the remainder when m is divided by 8?
5
Suppose 4*f - f + 3*i = 294, -3*i - 282 = -3*f. Let d = f - 38. What is the remainder when 230 is divided by d?
56
Let g(c) = c**3 + 5*c**2 - 8*c + 4. Calculate the remainder when (-10)/(20/6)*9/(-1) is divided by g(-6).
11
Let c(g) = -g**3 + 8*g**2 - 4*g - 2. What is the remainder when 227 is divided by c(6)?
43
What is the remainder when (3 + -78)*(-70)/42 is divided by 32?
29
Let k = -81 + 66. Calculate the remainder when (-6)/(-15) + (-324)/k is divided by 3.
1
Let h be ((0 + -1)*3 - -2)*-179. Let j = h + -88. Calculate the remainder when j is divided by 23.
22
Suppose 41*m + 54 = 43*m. Let g = 27 + -12. Calculate the remainder when m is divided by g.
12
Suppose 2*j - g = 84, -2*j + 63 = -3*g - 17. Calculate the remainder when j is divided by 28.
15
Suppose 7*p + p = 608. Suppose 2*q - 15 = 5*y + p, 5*q + y = 295. What is the remainder when q is divided by 10?
8
Suppose -5*r + 2 = k - 8, -k + 10 = 4*r. Suppose -2*m = -98 + 24. What is the remainder when m is divided by k/(-8)*(8 + -16)?
7
Let p(r) = r**3 + 8*r**2 - 10*r + 3. Let g = 2 + 17. Suppose -4*l - g = 17. What is the remainder when p(l) is divided by 5?
2
Suppose -k = -5*m + 55, 4*k + 50 = 4*m + 2*k. Calculate the remainder when 47 is divided by m.
7
Suppose -43*i + 286 = -42*i. Calculate the remainder when i is divided by 8.
6
Suppose 0 = -0*l - 2*l - 4. Let n = 17 - l. What is the remainder when 741/21 - 10/35 is divided by n?
16
Let h(q) = 125*q**3 + 3*q**2 - 10*q + 7. Calculate the remainder when h(1) is divided by 51.
23
Let s(x) = -x**3 + 9*x**2 - x + 8. Let j be s(9). Let h be 3 - (-12 + j + 4). Calculate the remainder when 98 is divided by h/(-20) - (-168)/5.
32
Suppose -8*k + 18 + 110 = 0. Let t(d) = d - 13. Suppose 4*b - 4*c = -3*c + 12, -5*c = 4*b - 36. What is the remainder when b is divided by t(k)?
1
Suppose 10*y - 123 = -13. What is the remainder when 76 is divided by y?
10
Let l(c) = -10*c. Let p(s) = -9*s + 1. Let u(j) = 5*l(j) - 6*p(j). Calculate the remainder when u(5) is divided by 5.
4
Let h(w) = -2*w + 107. Let n be h(31). Suppose -66*g = -71*g + n. Calculate the remainder when 31 is divided by g.
4
Suppose 2*f - 81 = d, d = -5*f - 2*d + 219. Suppose 0 = -2*l + l + 12. What is the remainder when f is divided by l?
6
Suppose -3*v = -2*o + 145, 3*o - v - 192 - 57 = 0. Suppose -157 + 42 = -5*q. Calculate the remainder when o is divided by q.
17
Let b(v) = 11*v**3 - v + 1. Let k be b(1). Suppose -k = 5*n - 121. Calculate the remainder when n is divided by 5.
2
Suppose -3*n = 12, n - 2 = 5*d + 9. Calculate the remainder when 66 is divided by 1 - (-18 - 2) - d.
18
Suppose -7*a + 4555 = 4359. Calculate the remainder when 166 is divided by a.
26
Let b(u) = 7*u + 16. Let m(k) = -k + 1. Let h(l) = l**2 + 2*l - 2. Let s be h(2). Let g(t) = s*m(t) + b(t). Calculate the remainder when g(0) is divided by 8.
6
Suppose 26*p = 294 + 642. Let w(x) = 4*x - 11. Calculate the remainder when p is divided by w(8).
15
Let b = -4 + 2. Let z(y) = -16*y - 13. What is the remainder when 73 is divided by z(b)?
16
Let t(i) = i + 1. Let h be t(-8). Let r be ((-7)/(h/2))/1. Suppose -r*d + 14 + 14 = 0. Calculate the remainder when d is divided by 4.
2
Suppose 4*x + 12 = -0*x. Let d = 5 + -6. What is the remainder when 24 is divided by (-18)/d + (-7 - x)?
10
Let t(v) = 46*v - 10. Let i be t(3). Suppose -5*y - 4*l = -i, 0*y - 3*l = -3*y + 66. Let z = y + 7. Calculate the remainder when 92 is divided by z.
30
What is the remainder when 93 is divided by (-9 + 114)*1/3?
23
Suppose -k + 31 = 4*f, -f = 5*k + 5 - 103. Calculate the remainder when (84 + -99)*24/(-10) is divided by k.
17
Suppose 0 = 3*g - 6, 3*w = -5*g + 126 + 151. What is the remainder when 438 is divided by w?
82
Suppose -3*f - 568 = -3*a - 1549, 0 = -3*f + 5*a + 979. Calculate the remainder when f is divided by 66.
64
Suppose 5*v + 2*j = 324, 0 = -j + 5 - 3. What is the remainder when 186 is divided by v?
58
Suppose r - 8 - 24 = 0. What is the remainder when r is divided by (1/2)/((-4)/(-96))?
8
Let j = -3 + 3. Suppose j*n = -5*n + 305. Calculate the remainder when n is divided by 31.
30
Suppose 2*c + 7 - 21 = 2*k, 5*k - 1 = -c. Let u(f) = -f**2 - 5*f + 8. Calculate the remainder when c is divided by u(-6).
0
Let r(t) = t**2 + 3*t - 10. Calculate the remainder when 126 is divided by r(-9).
38
Let l(r) = r**3 + 9*r**2 + 5*r + 2. Calculate the remainder when l(-5) is divided by 25 - (-11)/(11/2).
23
Let t(k) = 3*k + 33. Let d be t(-10). Suppose -f + s = -87, -d*f + s + 34 + 231 = 0. What is the remainder when f is divided by 23?
20
Let x = 13 - 7. Suppose 0 = t + t - x. What is the remainder when 31 is divided by ((-1)/(t/(-51)))/1?
14
Let j(i) = -i**3 + 5*i**2 + 13*i. Let o(l) = l**3 - 5*l**2 + l + 6. Calculate the remainder when j(6) is divided by o(5).
9
Let f = 193 - 192. Let z = 2 + -4. Let g = 3 + z. Calculate the remainder when g is divided by f.
0
Let x(d) = d**2 - 2*d - 4. Let n(q) = 4*q - 14. What is the remainder when x(4) is divided by n(4)?
0
Let g = -42 + 64. Suppose -3*f + 4*f = -s, -5*s + f + 24 = 0. Suppose -2*c = s*q - 10, 4*q = 2*c - 0*q - 26. What is the remainder when g is divided by c?
4
Suppose -3*i + 17 = -25. Let h = -3 + i. Suppose 